et z be 2/j + 2/(-4). Let r(p) be the first derivative of 2*p**3/3 + p**2/2 - 3. What is r(z)?
1
Let w(v) be the second derivative of v**6/120 + v**5/12 - v**4/24 + v**3 - 3*v**2/2 + v. Let d(r) be the first derivative of w(r). Determine d(-5).
11
Let g = -1 + -1. Let s(u) = 2*u**2 + 3*u + 1. Let n be s(g). Let v(a) = 0*a + a**2 + 6*a + 2 - n*a. Calculate v(-3).
2
Suppose 2*q + 12 = -q + f, -5*q - 4*f - 20 = 0. Let j(z) = -z**3 - 3*z**2 + 3*z + 2. Give j(q).
6
Suppose -5*z = 3*t - 6*t - 57, 0 = -4*z - 5*t + 16. Let p(n) = n**3 - 10*n**2 + 10*n - 4. Calculate p(z).
5
Let j = 5 + 2. Let a(c) = 7 - j - 3 + c. Let w = 0 - -5. What is a(w)?
2
Let k(j) = -j. Let h = -13 - -5. Determine k(h).
8
Let n(j) = j**3 - 4*j**2 - 5*j - 3. Suppose -3*w - 23 = -4*i, -6*w = 3*i - 2*w - 11. Calculate n(i).
-3
Let r(i) = -9*i + 3. Let t(w) = -3*w + 1. Let h(f) = 4*r(f) - 11*t(f). Give h(-1).
4
Let w(r) = 3*r**3 + 13*r**2 - r - 13. Let g(m) = m**3 + 6*m**2 - m - 6. Let y(i) = -5*g(i) + 2*w(i). Let d be (4/2)/(6/9). What is y(d)?
4
Let s(w) = 1. Let a(o) = o + 1. Let y(f) = -6*a(f) + 5*s(f). Calculate y(1).
-7
Let k = -7 + 8. Let b be 1/(3/k - 4). Let i(c) = 1 - c**2 + 2*c - c**2 - 3*c**2. Give i(b).
-6
Let u(o) = -o**2 + 4*o + 7. Let f be u(5). Let w(z) = z + 2. Let v be w(-5). Let d(i) = 2*i. Let k(b) = 6*b - 1. Let h(n) = v*k(n) + 8*d(n). Calculate h(f).
-1
Suppose 2*o - 14 = -2*x, -x - 6 = -5*o + 11. Let a(z) = x*z**3 + 0*z**3 + z**2 - z**3 + 0*z**3. Determine a(-1).
-1
Let y(t) = -t**2 + 5*t. Let n be y(3). Let o = n + -2. Let c(b) = b**2 - 3*b - 2. Calculate c(o).
2
Let j be 68/18 + (-6)/(-27). Suppose j*t + 8 = 5*s - 3, -t + s - 2 = 0. Let h(c) = 5*c**3 + 2*c - 1. Give h(t).
6
Let m be 2*(-1)/2 + 7. Let n(z) = z**3 + 4*z**2 + 5*z - 3. Let u(t) = -2*t**3 - 3*t**2 - 6*t + 2. Let j(f) = 3*n(f) + 2*u(f). Determine j(m).
13
Let s(q) = -4*q**2 - 13*q - 2. Let g(c) = 3*c**2 + 9*c + 1. Let b(o) = -7*g(o) - 5*s(o). Give b(4).
-5
Let q(f) = -f**3 - 5*f**2 - f + 1. Let l(x) = -x + 9. Let g be l(5). Let b be (-18)/g - 1/2. Give q(b).
6
Let z be 18/5 + (-6)/(-15). Let d(m) = -2*m**2 + 3*m - 3. Determine d(z).
-23
Let n(o) = -o**3 - 4*o**2 + 5*o - 5. Suppose 4*j + 2 = -2*b + 4*b, -3*b - j - 18 = 0. Give n(b).
-5
Let x(f) be the third derivative of f**6/180 - f**5/60 - f**4/6 + 3*f**2. Let g(y) be the second derivative of x(y). Determine g(2).
6
Suppose -2*r = -2*y - 4 + 2, -1 = -2*y + 3*r. Let h(c) = 0*c - 4*c + 5*c. Calculate h(y).
-4
Let j(p) = -4*p - 4. Let m(s) = s + 1. Let n(z) = -6*j(z) - 22*m(z). Determine n(2).
6
Let w(h) be the first derivative of h**3/3 + 2*h**2 - 4*h + 37. Give w(-5).
1
Let h(v) = -2*v**2 + 1. Let c(r) = -r + 2. Let j(m) = m - 2. Let o(n) = 6*c(n) + 7*j(n). Let b be o(5). Suppose 4*k + 2 = b*k. Calculate h(k).
-7
Let w(d) be the second derivative of d**3/6 - d**2 - 11*d. Calculate w(7).
5
Suppose 4*u - 15 = -35. Let k(y) = y**2 + 6*y + 6. Give k(u).
1
Let r = -33 + 29. Let c(t) = -t + 3. Let u(q) = -3*q + 7. Let j(o) = 5*c(o) - 2*u(o). What is j(r)?
-3
Let a(u) = -u - 8. Suppose 0 = 4*l + 2*b - 46, -l - 3*b - b + 29 = 0. Let v be ((-8)/(-3))/((-3)/l). Let f be a(v). Let z(i) = -i + 7. What is z(f)?
7
Suppose -5 + 1 = -4*x. Let u(q) be the second derivative of q**3/6 + 4*q. Give u(x).
1
Let y(d) = d + 1. Suppose 4*h - v = 24, -4*v + 5*v = 3*h - 19. Let j be y(h). Let f(b) = b. What is f(j)?
6
Let u(y) = -2*y**2 + 2*y - 7. Let z(b) = 2*b**2 - b + 6. Let g(i) = 4*u(i) + 5*z(i). Give g(-2).
4
Let i(s) = 11*s + 1. Let p be i(6). Suppose 9 = 4*o - p. Suppose o = 5*b - 6. Let m(k) = k - 2. Determine m(b).
3
Let x(k) be the first derivative of k**3/3 - 5*k**2/2 - 10*k - 8. Calculate x(7).
4
Let c(y) = 3*y - 5 - 4*y - 4*y - 1. Determine c(-4).
14
Suppose 6*g - 5*g + 3*c = 15, -12 = -4*c. Let i = g - 2. Let m(v) = -2 - 4 + i + v**3 - v. What is m(-2)?
-8
Let v(p) = p + 5. Let n = 9 - -1. Suppose t - 4 = 3*a, -5*t + 5*a - n = -0*t. Calculate v(t).
0
Suppose 3*q - 7 - 5 = 0. Let f = q - -1. Let z(h) = -h**2 - 4 - h + 0 + f*h. Calculate z(3).
-1
Let l(y) = y**3 - y**2. Let i(v) = 2*v**2 + 16*v. Let a be i(-8). What is l(a)?
0
Let j(q) = q - 6. Let s(y) = -1 + 0*y - y + 4*y - 2*y. Let l(n) = -j(n) + 3*s(n). Give l(-5).
-7
Let b(k) = k**3 + k + 1. Suppose 2*c - j - 13 = 0, -5*j - 20 = -7*c + 2*c. Suppose 0*v - 9 = v. Let f = c + v. What is b(f)?
1
Let i(x) = 0*x**3 + 6*x**3 - 3*x - 1 + 4*x**2 - 5*x**3. Let p(f) = f**3 + 9*f**2 + f + 5. Let y be p(-9). Calculate i(y).
11
Suppose -10 = -6*t + t. Let z(f) = -6*f + 2. Calculate z(t).
-10
Suppose 7 = l - 0*l. Let z(c) = -c**3 + 8*c**2 - 5*c. Give z(l).
14
Let s(b) = b**2 + 6*b. Suppose -7 = -j - 13. What is s(j)?
0
Suppose 4*x + 36 = -2*x. Let r(l) = l + 1. What is r(x)?
-5
Let t(p) = -14*p + 6 + 32*p - 17*p. Give t(0).
6
Let s(z) be the first derivative of -7 - 1/2*z**2 - z - 14/3*z**3. Determine s(-1).
-14
Let u(k) = k**3 + 4*k**2 + 3*k. Let f(l) = 1. Let x(g) = g + 4. Let i(t) = 5*f(t) - x(t). Let s be i(-7). Suppose 3*j + 1 = -s. Calculate u(j).
0
Let p(y) be the third derivative of -y**4/24 + 5*y**3/3 - 11*y**2. Suppose -5*g + 16 = -9. Calculate p(g).
5
Let x(j) = -j - 5. Suppose 43 = -3*c - n + 6*n, 2*c + 22 = 2*n. What is x(c)?
1
Suppose 45*y - 39*y = -18. Let x(a) = -2*a + 0 + 0. Determine x(y).
6
Let z(u) = 7*u**2 + 2*u + 4. Let m(s) = 8*s**2 + 3*s + 5. Let i(l) = -6*m(l) + 7*z(l). Calculate i(4).
-2
Suppose 3*w - 30 = 18*w. Let d(c) = c + 2*c**2 - c**2 + 2 - 2*c**2. Calculate d(w).
-4
Let s(n) be the second derivative of n**3/3 - 4*n**2 + 68*n. Calculate s(6).
4
Suppose 234*u - 229*u = 15. Let s(x) be the second derivative of -u*x**2 + 1/6*x**3 + 3*x + 0. Calculate s(6).
0
Let b(n) = -n**3 - 3*n**2 + 4*n - 7. Let f be b(-4). Let u(r) = -r**3 - 6*r**2 + 6*r - 2. Give u(f).
5
Let b(r) = -7*r - r**2 - r**3 - 7 + 5*r**2 + 2*r**3. Let n be b(-5). Let t(d) = -d**n - d**3 + d**3. What is t(0)?
0
Let t(y) = -8*y**3 - 2*y**2 - 2*y - 1. Let z(s) = 9*s**3 + 2*s**2 + 2*s + 1. Let c(g) = 4*t(g) + 5*z(g). Calculate c(-1).
-12
Let v(b) = b**3 - 3*b**2 - 4*b + 4. Let s = 4 - 1. Let m be v(s). Let t = -11 - m. Let i(r) = r**3 + 4*r**2 + 4*r + 2. Calculate i(t).
-1
Let y(i) = i**2 - 3*i - 4. Let p be y(5). Let g = p - 9. Let b be 1 - (-18)/g - -1. Let d(q) = -q**3 - 5*q**2 - 5*q. Give d(b).
4
Let o(c) = 2*c - 7. Let d be (32/20)/(2/5). Suppose -4*k = 5*a - 35, -d*a = -16 + 4. Determine o(k).
3
Suppose -4*s - 16 = -0*s. Let n(y) = 3*y + 6. Determine n(s).
-6
Suppose d - 6 = -h - 2*h, 4*h + 11 = 5*d. Let r(y) = 0*y - d + 2 + 3*y - 2*y. Let v be 9/(-2) + (-2)/(-4). Give r(v).
-5
Suppose -3*r + 2*u - 30 = 2*r, 4*u = 0. Let y(w) = w + 10. Let a(q) = -q - 10. Let h(f) = -3*a(f) - 4*y(f). Give h(r).
-4
Let x be -1 - 2*(-9)/6. Let h(g) = -2 + 7*g - 3*g + 1. Let a(v) = -5*v + 1. Let m(t) = x*a(t) + 3*h(t). Determine m(-3).
-7
Let c(y) = y**3 + 5*y**2 + 2*y - 2. Let m be (6 - 13)*(-1 - 0). Let t be 0 + (3 - m) + 0. Determine c(t).
6
Let n(q) = 5 + 5*q**2 - 2*q**3 + 4*q + 4*q + 3*q**3 - 2*q. What is n(-4)?
-3
Let k(p) = -4*p + 14. Let o(m) = -5*m + 15. Suppose j + 2 = -3*w - 3, 0 = -2*j + 8. Let z(a) = w*o(a) + 4*k(a). Let d = 12 - 7. Calculate z(d).
6
Let b(r) = 0 + 1 - 2*r - 2 + 4*r. Determine b(-4).
-9
Let k(h) = -3 + 4*h**2 - 3*h**2 + 1. Give k(3).
7
Let t(k) = -k**2 - 15*k + 4. Let f be t(-15). Let p(a) = -a**3 + 5*a**2 - 4*a - 5. What is p(f)?
-5
Suppose 0 + 2 = v. Let a(n) = n + 0*n**2 - n**3 - 1 + 0*n**v - n**2. Calculate a(1).
-2
Let f(z) = -z**2 + z + 2. Let o(l) = -l**2 + 2*l + 5. Let i(s) = -9*f(s) + 4*o(s). Let q(g) = -14*g**2 + 2*g - 6. Let u(k) = 17*i(k) + 6*q(k). Determine u(5).
-2
Suppose -m - 2*m - 6 = 0. Let y(t) = -7*t - 2. What is y(m)?
12
Let m(b) = -5*b**2 - 2*b + 11. Let o(t) = 2*t**2 + t - 4. Let w(n) = -3*m(n) - 8*o(n). Calculate w(-4).
-9
Let w(f) be the third derivative of f**5/60 + f**4/6 - 2*f**3/3 + 8*f**2. What is w(-4)?
-4
Suppose 4*d + 0 - 8 = 0. Let k(t) = 4*t + 2*t**2 + t**2 - t**3 + d*t - 2. Let c(h) = 5*h + 89. Let m be c(-17). What is k(m)?
6
Let n(l) = -4 + 8*l**2 - 1 - 9*l**2 + 3*l + 2. Calculate n(4).
-7
Let k = 1 - -2. Let x(v) = 1 + 4*v - k*v - v**2 - 3*v. Suppose q = -0 + 1. What is x(q)?
-2
Let v(l) = l**2 - 3*l + 3. Let g(a) = 2*a**2 + 2*a + 2. Let y be g(-1). Give v(y).
1
Let m(k) 